{"id":208,"date":"2025-06-24T19:18:19","date_gmt":"2025-06-24T17:18:19","guid":{"rendered":"https:\/\/empoweringformation.fr\/?page_id=208"},"modified":"2025-07-01T11:58:24","modified_gmt":"2025-07-01T09:58:24","slug":"cest-trop-cher","status":"publish","type":"page","link":"https:\/\/empoweringformation.fr\/index.php\/cest-trop-cher\/","title":{"rendered":"\u00ab\u00a0C\u2019est trop cher\u00a0\u00bb"},"content":{"rendered":"\n<h2 class=\"wp-block-heading\">\u00ab\u00a0C\u2019est trop cher&#8230;\u00a0\u00bb<\/h2>\n\n\n\n<figure class=\"wp-block-image size-large\"><img loading=\"lazy\" decoding=\"async\" width=\"1024\" height=\"576\" src=\"http:\/\/empoweringformation.fr\/wp-content\/uploads\/2025\/06\/euros-1024x576.jpg\" alt=\"\" class=\"wp-image-209\" srcset=\"https:\/\/empoweringformation.fr\/wp-content\/uploads\/2025\/06\/euros-1024x576.jpg 1024w, https:\/\/empoweringformation.fr\/wp-content\/uploads\/2025\/06\/euros-300x169.jpg 300w, https:\/\/empoweringformation.fr\/wp-content\/uploads\/2025\/06\/euros-768x432.jpg 768w, https:\/\/empoweringformation.fr\/wp-content\/uploads\/2025\/06\/euros.jpg 1280w\" sizes=\"auto, (max-width: 1024px) 100vw, 1024px\" \/><\/figure>\n\n\n\n<p>\u00c7a me rappelle un chantier o\u00f9 le client avait voulu faire les achats parce que c\u2019\u00e9tait \u00ab&nbsp;moins cher&nbsp;\u00bb<\/p>\n\n\n\n<p>Apr\u00e8s une inondation dans une \u00e9cole il fallait des salles de classe pr\u00eates pour le surlendemain. Un gars (le client) proposait de leur louer son entrep\u00f4t mais il fallait monter en urgence des parois, mettre l\u2019\u00e9lectricit\u00e9, etc\u2026<\/p>\n\n\n\n<h4 class=\"wp-block-heading\">Et bien la premi\u00e8re fois, les clous mous, \u00e7a surprend.<\/h4>\n\n\n\n<p>Sachant que tu peux enfoncer un clou de 80 en deux coups de marteau, que tu n\u2019as tordu un clou depuis 1992, tu arrives \u00e0 peine \u00e0 en planter 1 sur 4 sans devoir le redresser ou l\u2019arracher et recommencer. Tu te dis que c\u2019est surement le footing ou la bringue de la veille, puis tes coll\u00e8gues et tes apprentis et tous les b\u00e9n\u00e9voles que tu as embarqu\u00e9 dans l\u2019histoire se moquent, jusqu\u2019\u00e0 ce que tu leur passes le marteau. Ahhh tout s\u2019explique\u2026Eux aussi ont mang\u00e9 un truc ou trop couru.<\/p>\n\n\n\n<p>On a rendu les clous au client, on a continu\u00e9 avec les n\u00f4tres qu\u2019on lui a factur\u00e9. On aurait pu facturer la \u00bd matin\u00e9e perdue mais c\u2019\u00e9tait le prix de la le\u00e7on&nbsp;: les clients peuvent augmenter la qualit\u00e9 des produits, mais la diminuer, \u00e7a, \u00e7a coute cher. &nbsp;Dans la pr\u00e9cipitation, on n\u2019y avait m\u00eame pas pens\u00e9.<\/p>\n\n\n\n<p>Et le client qui a \u00ab&nbsp;r\u00e9cup\u00e9r\u00e9&nbsp;\u00bb du bois&nbsp;? Comme il \u00e9tait stock\u00e9 sur du gravier, adieu lames de rabot. C\u2019est aussi le danger du bois de palette.<\/p>\n\n\n\n<p>Puis celui qui a achet\u00e9 lui-m\u00eame les c\u00e2bles pour refaire l\u2019\u00e9lectricit\u00e9 dans la grange&nbsp;: Quand on mesure le cuivre c\u2019est du 1,5mm3, pas le 2,5mm3 \u00e9crit sur la gaine.<\/p>\n\n\n\n<div class=\"wp-block-columns is-layout-flex wp-container-core-columns-is-layout-28f84493 wp-block-columns-is-layout-flex\">\n<div class=\"wp-block-column is-layout-flow wp-block-column-is-layout-flow\">\n<h2 class=\"wp-block-heading\">Pas Cher<\/h2>\n<\/div>\n\n\n\n<div class=\"wp-block-column is-layout-flow wp-block-column-is-layout-flow\">\n<h2 class=\"wp-block-heading\">Lucide<\/h2>\n<\/div>\n\n\n\n<div class=\"wp-block-column is-layout-flow wp-block-column-is-layout-flow\">\n<h2 class=\"wp-block-heading\">Menteur <\/h2>\n<\/div>\n<\/div>\n\n\n\n<div class=\"wp-block-columns is-layout-flex wp-container-core-columns-is-layout-28f84493 wp-block-columns-is-layout-flex\">\n<div class=\"wp-block-column is-layout-flow wp-block-column-is-layout-flow\">\n<figure class=\"wp-block-gallery has-nested-images columns-default is-cropped wp-block-gallery-1 is-layout-flex wp-block-gallery-is-layout-flex\">\n<figure class=\"wp-block-image size-large\"><img loading=\"lazy\" decoding=\"async\" width=\"1024\" height=\"694\" data-id=\"211\" src=\"https:\/\/empoweringformation.fr\/wp-content\/uploads\/2025\/06\/cheval-costume-1024x694.png\" alt=\"\" class=\"wp-image-211\" srcset=\"https:\/\/empoweringformation.fr\/wp-content\/uploads\/2025\/06\/cheval-costume-1024x694.png 1024w, https:\/\/empoweringformation.fr\/wp-content\/uploads\/2025\/06\/cheval-costume-300x203.png 300w, https:\/\/empoweringformation.fr\/wp-content\/uploads\/2025\/06\/cheval-costume-768x520.png 768w, https:\/\/empoweringformation.fr\/wp-content\/uploads\/2025\/06\/cheval-costume.png 1280w\" sizes=\"auto, (max-width: 1024px) 100vw, 1024px\" \/><\/figure>\n<\/figure>\n<\/div>\n\n\n\n<div class=\"wp-block-column is-layout-flow wp-block-column-is-layout-flow\">\n<figure class=\"wp-block-gallery has-nested-images columns-default is-cropped wp-block-gallery-2 is-layout-flex wp-block-gallery-is-layout-flex\">\n<figure class=\"wp-block-image size-large\"><img loading=\"lazy\" decoding=\"async\" width=\"1024\" height=\"629\" data-id=\"213\" src=\"https:\/\/empoweringformation.fr\/wp-content\/uploads\/2025\/06\/vrai-cheval-1024x629.png\" alt=\"\" class=\"wp-image-213\" srcset=\"https:\/\/empoweringformation.fr\/wp-content\/uploads\/2025\/06\/vrai-cheval-1024x629.png 1024w, https:\/\/empoweringformation.fr\/wp-content\/uploads\/2025\/06\/vrai-cheval-300x184.png 300w, https:\/\/empoweringformation.fr\/wp-content\/uploads\/2025\/06\/vrai-cheval-768x472.png 768w, https:\/\/empoweringformation.fr\/wp-content\/uploads\/2025\/06\/vrai-cheval.png 1280w\" sizes=\"auto, (max-width: 1024px) 100vw, 1024px\" \/><\/figure>\n<\/figure>\n<\/div>\n\n\n\n<div class=\"wp-block-column is-layout-flow wp-block-column-is-layout-flow\">\n<figure class=\"wp-block-gallery has-nested-images columns-default is-cropped wp-block-gallery-3 is-layout-flex wp-block-gallery-is-layout-flex\">\n<figure class=\"wp-block-image size-large\"><img loading=\"lazy\" decoding=\"async\" width=\"1024\" height=\"998\" data-id=\"212\" src=\"https:\/\/empoweringformation.fr\/wp-content\/uploads\/2025\/06\/pegasus-1024x998.png\" alt=\"\" class=\"wp-image-212\" srcset=\"https:\/\/empoweringformation.fr\/wp-content\/uploads\/2025\/06\/pegasus-1024x998.png 1024w, https:\/\/empoweringformation.fr\/wp-content\/uploads\/2025\/06\/pegasus-300x293.png 300w, https:\/\/empoweringformation.fr\/wp-content\/uploads\/2025\/06\/pegasus-768x749.png 768w, https:\/\/empoweringformation.fr\/wp-content\/uploads\/2025\/06\/pegasus.png 1280w\" sizes=\"auto, (max-width: 1024px) 100vw, 1024px\" \/><\/figure>\n<\/figure>\n<\/div>\n<\/div>\n\n\n\n<div class=\"wp-block-columns is-layout-flex wp-container-core-columns-is-layout-28f84493 wp-block-columns-is-layout-flex\">\n<div class=\"wp-block-column is-layout-flow wp-block-column-is-layout-flow\">\n<p>Les clous mous. <\/p>\n\n\n\n<p>Il ne reste pas beaucoup de place pour la joie qui vient d\u2019un travail bien fait et le client en aura pour son argent, pas plus. Votre <strong><em>besoin d\u2019int\u00e9grit\u00e9<\/em><\/strong> aura pris une petite claque.<\/p>\n<\/div>\n\n\n\n<div class=\"wp-block-column is-layout-flow wp-block-column-is-layout-flow\">\n<p>Vous avez d\u00e9j\u00e0 ajust\u00e9 le devis avec honn\u00eatet\u00e9 en pr\u00e9sentant toutes les options r\u00e9alistes au client. Il vous fait confiance. Votre <strong><em>besoin de reconnaissance<\/em><\/strong> peut faire une petite sieste parce que rien ne menace la qualit\u00e9 de votre travail.<\/p>\n<\/div>\n\n\n\n<div class=\"wp-block-column is-layout-flow wp-block-column-is-layout-flow\">\n<p>Vous avez ajout\u00e9 une taxe&nbsp;\u00ab&nbsp;asshole&nbsp;\u00bb pour pouvoir faire la r\u00e9duction arbitraire de 15% que le client va exiger. Il aura l\u2019impression de gagner et vous aussi en proposant -10%. Le <strong><em>besoin de contr\u00f4le<\/em><\/strong> vous a tous les deux bien eu.<\/p>\n<\/div>\n<\/div>\n\n\n\n<div class=\"wp-block-columns is-layout-flex wp-container-core-columns-is-layout-28f84493 wp-block-columns-is-layout-flex\">\n<div class=\"wp-block-column is-layout-flow wp-block-column-is-layout-flow\">\n<h6 class=\"wp-block-heading\">Tout le monde perd<\/h6>\n<\/div>\n\n\n\n<div class=\"wp-block-column is-layout-flow wp-block-column-is-layout-flow\">\n<h6 class=\"wp-block-heading\">Personne ne perd parce que personne ne joue<\/h6>\n<\/div>\n\n\n\n<div class=\"wp-block-column is-layout-flow wp-block-column-is-layout-flow\">\n<h6 class=\"wp-block-heading\">Tout le monde croit gagner<\/h6>\n<\/div>\n<\/div>\n\n\n\n<h4 class=\"wp-block-heading\">Et pourquoi refuser de jouer?<\/h4>\n\n\n\n<ul class=\"wp-block-list\">\n<li>Parce que vous ne vous lever pas le matin pour arnaquer les gens (j\u2019esp\u00e8re!)<\/li>\n\n\n\n<li>Parce que vous avez \u00e9t\u00e9 honn\u00eate dans votre devis,<\/li>\n\n\n\n<li>Parce que vous ne pouvez pas r\u00e9duire ces prix sous peine de vivre dans le luxe d\u2019un petit producteur laitier (\u00e9quivalent 3\u20ac\/h) ou l\u2019angoisse d\u2019un fournisseur N2 du march\u00e9 automobile ou de GMS. (m\u00eame chacals)<\/li>\n\n\n\n<li>Qu\u2019une relation de confiance demande de la confiance, et que quelqu\u2019un doit commencer. Confiance que vous ne vous faite pas flouer et confiance que l\u2019argent d\u00e9pens\u00e9 le sera sans gaspillage.<\/li>\n\n\n\n<li>Que r\u00e9duire la qualit\u00e9 de la mati\u00e8re premi\u00e8re ou du service, \u00e0 un moment, c\u2019est \u00e9reintant pour tout le monde.<\/li>\n<\/ul>\n\n\n\n<h5 class=\"wp-block-heading\">Mon tarif c\u2019est entre 450\u20ac et 650\u20acHT\/jour selon la formation pour un maximum de 10 personnes s\u2019il y a un test pratique validant et 15 personnes si non. <\/h5>\n\n\n\n<p>\u00c0 plus de 50kms de Girac, j\u2019ajoute des frais de d\u00e9placements \u00e0 1\u20ac\/km.<\/p>\n\n\n\n<h2 class=\"wp-block-heading\">Et si c\u2019est hors budget, parlons-en avec honn\u00eatet\u00e9. <\/h2>\n\n\n\n<ul class=\"wp-block-list\">\n<li>\u00c9talement des paiements si c\u2019est une histoire de <strong><em>tr\u00e9sorerie<\/em><\/strong>.<\/li>\n\n\n\n<li>L\u2019habilitation fait partie des <strong><em>formations professionnelles<\/em><\/strong> pour lesquelles vous cotisez aupr\u00e8s de votre <a href=\"https:\/\/www.opcoep.fr\/entreprise\/financer-mes-projets#Financements-selon-votre-secteur-activit%C3%A9\" data-type=\"link\" data-id=\"https:\/\/www.opcoep.fr\/entreprise\/financer-mes-projets#Financements-selon-votre-secteur-activit%C3%A9\">OPCO<\/a> ou \u00e9quivalent et je suis <strong><em>certifi\u00e9e Qualiopi<\/em><\/strong>.<\/li>\n<\/ul>\n\n\n\n<p>\u00c7a n\u2019est\u00a0trop cher\u00a0que lorsqu\u2019on oublie la diff\u00e9rence entre le prix et la valeur.<\/p>\n","protected":false},"excerpt":{"rendered":"<p>\u00ab\u00a0C\u2019est trop cher&#8230;\u00a0\u00bb \u00c7a me rappelle un chantier o\u00f9 le client avait voulu faire les achats parce que c\u2019\u00e9tait \u00ab&nbsp;moins cher&nbsp;\u00bb Apr\u00e8s une inondation dans une \u00e9cole il fallait des salles de classe pr\u00eates pour le surlendemain. Un gars (le client) proposait de leur louer son entrep\u00f4t mais il fallait monter en urgence des parois, [&hellip;]<\/p>\n","protected":false},"author":1,"featured_media":209,"parent":0,"menu_order":0,"comment_status":"closed","ping_status":"closed","template":"page-base","meta":{"footnotes":""},"class_list":["post-208","page","type-page","status-publish","has-post-thumbnail","hentry"],"_links":{"self":[{"href":"https:\/\/empoweringformation.fr\/index.php\/wp-json\/wp\/v2\/pages\/208","targetHints":{"allow":["GET"]}}],"collection":[{"href":"https:\/\/empoweringformation.fr\/index.php\/wp-json\/wp\/v2\/pages"}],"about":[{"href":"https:\/\/empoweringformation.fr\/index.php\/wp-json\/wp\/v2\/types\/page"}],"author":[{"embeddable":true,"href":"https:\/\/empoweringformation.fr\/index.php\/wp-json\/wp\/v2\/users\/1"}],"replies":[{"embeddable":true,"href":"https:\/\/empoweringformation.fr\/index.php\/wp-json\/wp\/v2\/comments?post=208"}],"version-history":[{"count":5,"href":"https:\/\/empoweringformation.fr\/index.php\/wp-json\/wp\/v2\/pages\/208\/revisions"}],"predecessor-version":[{"id":228,"href":"https:\/\/empoweringformation.fr\/index.php\/wp-json\/wp\/v2\/pages\/208\/revisions\/228"}],"wp:featuredmedia":[{"embeddable":true,"href":"https:\/\/empoweringformation.fr\/index.php\/wp-json\/wp\/v2\/media\/209"}],"wp:attachment":[{"href":"https:\/\/empoweringformation.fr\/index.php\/wp-json\/wp\/v2\/media?parent=208"}],"curies":[{"name":"wp","href":"https:\/\/api.w.org\/{rel}","templated":true}]}}