{"id":2,"date":"2024-09-26T13:05:40","date_gmt":"2024-09-26T11:05:40","guid":{"rendered":"http:\/\/empoweringformation.fr\/?page_id=2"},"modified":"2025-06-26T18:51:41","modified_gmt":"2025-06-26T16:51:41","slug":"votre-formatrice","status":"publish","type":"page","link":"https:\/\/empoweringformation.fr\/index.php\/votre-formatrice\/","title":{"rendered":"\u00ab\u00a0Mais vous \u00eates qui, vous?\u00a0\u00bb"},"content":{"rendered":"\n<h2 class=\"wp-block-heading\"><strong>\u00ab\u00a0<em>Mais vous \u00eates qui, vous&nbsp;?<\/em>\u00ab\u00a0<\/strong><\/h2>\n\n\n\n<figure class=\"wp-block-image size-large is-resized\"><img loading=\"lazy\" decoding=\"async\" width=\"1024\" height=\"535\" src=\"https:\/\/empoweringformation.fr\/wp-content\/uploads\/2025\/06\/fb-vortex-1024x535.jpg\" alt=\"\" class=\"wp-image-119\" style=\"width:488px;height:auto\" srcset=\"https:\/\/empoweringformation.fr\/wp-content\/uploads\/2025\/06\/fb-vortex-1024x535.jpg 1024w, https:\/\/empoweringformation.fr\/wp-content\/uploads\/2025\/06\/fb-vortex-300x157.jpg 300w, https:\/\/empoweringformation.fr\/wp-content\/uploads\/2025\/06\/fb-vortex-768x402.jpg 768w, https:\/\/empoweringformation.fr\/wp-content\/uploads\/2025\/06\/fb-vortex.jpg 1115w\" sizes=\"auto, (max-width: 1024px) 100vw, 1024px\" \/><\/figure>\n\n\n\n<ul class=\"wp-block-social-links has-icon-color is-style-logos-only is-horizontal is-content-justification-left is-layout-flex wp-container-core-social-links-is-layout-213c3e1e wp-block-social-links-is-layout-flex\" style=\"border-style:none;border-width:0px;border-radius:0px;margin-top:0px;margin-right:0;margin-bottom:0;margin-left:0\"><li style=\"color:var(--wp--preset--color--primary);\" class=\"wp-social-link wp-social-link-linkedin has-primary-color wp-block-social-link\"><a rel=\"noopener nofollow\" target=\"_blank\" href=\"https:\/\/www.linkedin.com\/in\/fabienne-bedry\" class=\"wp-block-social-link-anchor\"><svg width=\"24\" height=\"24\" viewBox=\"0 0 24 24\" version=\"1.1\" xmlns=\"http:\/\/www.w3.org\/2000\/svg\" aria-hidden=\"true\" focusable=\"false\"><path d=\"M19.7,3H4.3C3.582,3,3,3.582,3,4.3v15.4C3,20.418,3.582,21,4.3,21h15.4c0.718,0,1.3-0.582,1.3-1.3V4.3 C21,3.582,20.418,3,19.7,3z M8.339,18.338H5.667v-8.59h2.672V18.338z M7.004,8.574c-0.857,0-1.549-0.694-1.549-1.548 c0-0.855,0.691-1.548,1.549-1.548c0.854,0,1.547,0.694,1.547,1.548C8.551,7.881,7.858,8.574,7.004,8.574z M18.339,18.338h-2.669 v-4.177c0-0.996-0.017-2.278-1.387-2.278c-1.389,0-1.601,1.086-1.601,2.206v4.249h-2.667v-8.59h2.559v1.174h0.037 c0.356-0.675,1.227-1.387,2.526-1.387c2.703,0,3.203,1.779,3.203,4.092V18.338z\"><\/path><\/svg><span class=\"wp-block-social-link-label screen-reader-text\">LinkedIn<\/span><\/a><\/li>\n\n<li style=\"color:var(--wp--preset--color--primary);\" class=\"wp-social-link wp-social-link-whatsapp has-primary-color wp-block-social-link\"><a rel=\"noopener nofollow\" target=\"_blank\" href=\"https:\/\/wa.me\/33788440648\" class=\"wp-block-social-link-anchor\"><svg width=\"24\" height=\"24\" viewBox=\"0 0 24 24\" version=\"1.1\" xmlns=\"http:\/\/www.w3.org\/2000\/svg\" aria-hidden=\"true\" focusable=\"false\"><path d=\"M 12.011719 2 C 6.5057187 2 2.0234844 6.478375 2.0214844 11.984375 C 2.0204844 13.744375 2.4814687 15.462563 3.3554688 16.976562 L 2 22 L 7.2324219 20.763672 C 8.6914219 21.559672 10.333859 21.977516 12.005859 21.978516 L 12.009766 21.978516 C 17.514766 21.978516 21.995047 17.499141 21.998047 11.994141 C 22.000047 9.3251406 20.962172 6.8157344 19.076172 4.9277344 C 17.190172 3.0407344 14.683719 2.001 12.011719 2 z M 12.009766 4 C 14.145766 4.001 16.153109 4.8337969 17.662109 6.3417969 C 19.171109 7.8517969 20.000047 9.8581875 19.998047 11.992188 C 19.996047 16.396187 16.413812 19.978516 12.007812 19.978516 C 10.674812 19.977516 9.3544062 19.642812 8.1914062 19.007812 L 7.5175781 18.640625 L 6.7734375 18.816406 L 4.8046875 19.28125 L 5.2851562 17.496094 L 5.5019531 16.695312 L 5.0878906 15.976562 C 4.3898906 14.768562 4.0204844 13.387375 4.0214844 11.984375 C 4.0234844 7.582375 7.6067656 4 12.009766 4 z M 8.4765625 7.375 C 8.3095625 7.375 8.0395469 7.4375 7.8105469 7.6875 C 7.5815469 7.9365 6.9355469 8.5395781 6.9355469 9.7675781 C 6.9355469 10.995578 7.8300781 12.182609 7.9550781 12.349609 C 8.0790781 12.515609 9.68175 15.115234 12.21875 16.115234 C 14.32675 16.946234 14.754891 16.782234 15.212891 16.740234 C 15.670891 16.699234 16.690438 16.137687 16.898438 15.554688 C 17.106437 14.971687 17.106922 14.470187 17.044922 14.367188 C 16.982922 14.263188 16.816406 14.201172 16.566406 14.076172 C 16.317406 13.951172 15.090328 13.348625 14.861328 13.265625 C 14.632328 13.182625 14.464828 13.140625 14.298828 13.390625 C 14.132828 13.640625 13.655766 14.201187 13.509766 14.367188 C 13.363766 14.534188 13.21875 14.556641 12.96875 14.431641 C 12.71875 14.305641 11.914938 14.041406 10.960938 13.191406 C 10.218937 12.530406 9.7182656 11.714844 9.5722656 11.464844 C 9.4272656 11.215844 9.5585938 11.079078 9.6835938 10.955078 C 9.7955938 10.843078 9.9316406 10.663578 10.056641 10.517578 C 10.180641 10.371578 10.223641 10.267562 10.306641 10.101562 C 10.389641 9.9355625 10.347156 9.7890625 10.285156 9.6640625 C 10.223156 9.5390625 9.737625 8.3065 9.515625 7.8125 C 9.328625 7.3975 9.131125 7.3878594 8.953125 7.3808594 C 8.808125 7.3748594 8.6425625 7.375 8.4765625 7.375 z\"><\/path><\/svg><span class=\"wp-block-social-link-label screen-reader-text\">WhatsApp<\/span><\/a><\/li><\/ul>\n\n\n\n<p class=\"has-x-large-font-size\"><strong>Fabienne Bedry<\/strong><\/p>\n\n\n\n<p>Je suis formatrice, d\u2019abord.<\/p>\n\n\n\n<p>Quels qu\u2019aient \u00e9t\u00e9 mes m\u00e9tiers, j\u2019ai toujours gliss\u00e9 naturellement vers le partage de mes connaissances.<\/p>\n\n\n\n<p>J\u2019ai formalis\u00e9 \u00e7a avec un titre pro FPA (formatrice professionnelle pour adulte option digitale)<\/p>\n\n\n\n<p>\u00c7a veut dire que je sais pour transmettre des comp\u00e9tences les d\u00e9couper en petits morceaux accessibles, les pr\u00e9senter de fa\u00e7on engageante et m\u00e9morisable dans un ordre qui permet de progresser sans souffrance, quel que soit mon public.<\/p>\n\n\n\n<p>J\u2019ai appris plusieurs m\u00e9tiers, (par enthousiasme, par curiosit\u00e9 ou par n\u00e9cessit\u00e9) que j\u2019ai toujours consolid\u00e9 par un dipl\u00f4me ou un titre pro.<\/p>\n\n\n\n<p>Ayant habit\u00e9 15 ans en Grande Bretagne, &nbsp;Je suis au moins trilingue (fran\u00e7ais\/anglais\/scouse). Je baragouine dans d\u2019autres langues mais pas assez bien pour les citer sur un CV.<\/p>\n\n\n\n<p>Quand on arr\u00eate d\u2019apprendre le cerveau rouille. On r\u00e9duit sa neuroplasticit\u00e9.<\/p>\n\n\n\n<p>C\u2019est pire avec un TDAH, le besoin de stimulation est vital. C\u2019est certainement pour \u00e7a que j\u2019aime les gens. Ils vous surprennent toujours et savent tous quelque chose que je ne sais pas encore.<\/p>\n\n\n\n<h3 class=\"wp-block-heading\"><em><strong>Je peux, quel que soit le sujet&nbsp;:<\/strong><\/em><\/h3>\n\n\n\n<p>&#8211; <strong>Concevoir <\/strong>un sc\u00e9nario andragogique et les s\u00e9ances multimodales associ\u00e9es.<\/p>\n\n\n\n<p>&#8211; <strong>Animer <\/strong>des activit\u00e9s en pr\u00e9sentiel et \u00e0 distance.<\/p>\n\n\n\n<p>&#8211; <strong>Accompagner <\/strong>la consolidation des plans de formation et des projets professionnels.<\/p>\n\n\n\n<p>&#8211; <strong>\u00c9valuer <\/strong>et renforcer des acquis en parcours collectif et individuel.<\/p>\n\n\n\n<h3 class=\"wp-block-heading\"><strong>Parcours formatif<\/strong>:<\/h3>\n\n\n\n<p>Formation en Habilitation \u00c9lectrique<\/p>\n\n\n\n<p>Formation Professionnelle pour Adultes option Digital<\/p>\n\n\n\n<p>Menuiserie, Plomberie, Enduits gypsum et chaux<\/p>\n\n\n\n<p>Tests \u00c9lectriques et Conception \u00c9lectrique<\/p>\n\n\n\n<p>\u0152nologie et Amp\u00e9lologie<\/p>\n\n\n\n<p>Neurosciences<\/p>\n\n\n\n<h3 class=\"wp-block-heading\"><strong>J\u2019ai, entre autres choses&nbsp;:<\/strong><\/h3>\n\n\n\n<p><strong>&#8211; Form\u00e9 et ger\u00e9 des b\u00e9n\u00e9voles et sous-traitants sur un chantier de 32 maisons solidaires \u00e0 Liverpool (public multilingue).<\/strong><\/p>\n\n\n\n<p>&#8211; <strong>Accompagner<\/strong> mes <strong>apprenties<\/strong> en \u00e9lectricit\u00e9 et plomberie pendant 7 ans.<\/p>\n\n\n\n<p><em>&#8211;<strong> Soutenu<\/strong> des <strong>publics en difficult\u00e9<\/strong> dans un atelier de <strong>construction<\/strong> \u00e0 Blackburne House, Liverpool.<\/em><\/p>\n\n\n\n<p>&#8211; <strong>Con\u00e7u et anim\u00e9<\/strong> un chantier collaboratif sur les <strong>enduits chaux<\/strong> et l&rsquo;<strong>\u00e9lectricit\u00e9<\/strong> dans un hameau \u00e9cologique \u00e0 Verfeuil.<\/p>\n\n\n\n<p><em>&#8211; <strong>Anim\u00e9 et accompagn\u00e9<\/strong> sur les <strong>dispositifs<\/strong> France travail ACL, Projet Pro et Lectio.<\/em><\/p>\n\n\n\n<p>&#8211; Fait du <strong>n\u00e9goce de vin<\/strong> et form\u00e9 aux bases de la sommellerie les \u00e9quipes de mes clients restaurateurs et groupements de pubs ind\u00e9pendants.<\/p>\n\n\n\n<p><em>-R\u00e9duit les exc\u00e8s de <strong>stocks d\u2019invendus<\/strong> de viticulteurs en les personnalisant pour des <strong>clubs de Rugby<\/strong> britanniques.<\/em><\/p>\n\n\n\n<p>&#8211; Cr\u00e9\u00e9, <strong>organis\u00e9 et anim\u00e9<\/strong> des <strong>cours de d\u00e9gustation<\/strong> pendant 4 ans \u00e0 West Kirby, Wirral.<\/p>\n\n\n\n<p><em>&#8211; <strong>D\u00e9ploy\u00e9<\/strong> le logiciel <strong>Navision<\/strong> pour les <strong>Restos du C\u0153ur<\/strong> du Lot et form\u00e9 des b\u00e9n\u00e9voles de tous \u00e2ges \u00e0 la gestion des stocks sur ordinateur, \u00e0 la s\u00e9curit\u00e9 et \u00e0 l&rsquo;hygi\u00e8ne.<\/em><\/p>\n\n\n\n<p>&#8211; <strong>G\u00e9r\u00e9<\/strong> des <strong>stocks ext\u00e9rieurs<\/strong> et des <strong>stocks non commercialisables<\/strong> pour la soci\u00e9t\u00e9 Andros \u00e0 Biars sur C\u00e8re.<\/p>\n\n\n\n<p><em>&#8211;<strong>Con\u00e7u programm\u00e9 et prototyp\u00e9<\/strong> une <strong>remorque \u00e9lectrique<\/strong> intelligente asservie au v\u00e9lo avec un mode pi\u00e9ton<\/em><\/p>\n\n\n\n<h3 class=\"wp-block-heading\"><strong>Pour en savoir plus sur ma personnalit\u00e9 :<\/strong><\/h3>\n\n\n\n<p>&#8211; <a href=\"https:\/\/www.processcommunication.fr\/model\/types_personnalites.htm\">Process Communication<\/a> : <strong>Promotrice Emphatique<\/strong><\/p>\n\n\n\n<p>&#8211; Myers-Briggs : <a href=\"https:\/\/www.16personalities.com\/fr\/la-personnalite-enfp\"><strong>ENPF Inspiratrice<\/strong><\/a><\/p>\n\n\n\n<p>&#8211; WAIS IV : <strong>146 THPI<\/strong><\/p>\n","protected":false},"excerpt":{"rendered":"<p>\u00ab\u00a0Mais vous \u00eates qui, vous&nbsp;?\u00ab\u00a0 Fabienne Bedry Je suis formatrice, d\u2019abord. Quels qu\u2019aient \u00e9t\u00e9 mes m\u00e9tiers, j\u2019ai toujours gliss\u00e9 naturellement vers le partage de mes connaissances. J\u2019ai formalis\u00e9 \u00e7a avec un titre pro FPA (formatrice professionnelle pour adulte option digitale) \u00c7a veut dire que je sais pour transmettre des comp\u00e9tences les d\u00e9couper en petits morceaux [&hellip;]<\/p>\n","protected":false},"author":1,"featured_media":0,"parent":0,"menu_order":0,"comment_status":"open","ping_status":"closed","template":"blank","meta":{"footnotes":""},"class_list":["post-2","page","type-page","status-publish","hentry"],"_links":{"self":[{"href":"https:\/\/empoweringformation.fr\/index.php\/wp-json\/wp\/v2\/pages\/2","targetHints":{"allow":["GET"]}}],"collection":[{"href":"https:\/\/empoweringformation.fr\/index.php\/wp-json\/wp\/v2\/pages"}],"about":[{"href":"https:\/\/empoweringformation.fr\/index.php\/wp-json\/wp\/v2\/types\/page"}],"author":[{"embeddable":true,"href":"https:\/\/empoweringformation.fr\/index.php\/wp-json\/wp\/v2\/users\/1"}],"replies":[{"embeddable":true,"href":"https:\/\/empoweringformation.fr\/index.php\/wp-json\/wp\/v2\/comments?post=2"}],"version-history":[{"count":16,"href":"https:\/\/empoweringformation.fr\/index.php\/wp-json\/wp\/v2\/pages\/2\/revisions"}],"predecessor-version":[{"id":334,"href":"https:\/\/empoweringformation.fr\/index.php\/wp-json\/wp\/v2\/pages\/2\/revisions\/334"}],"wp:attachment":[{"href":"https:\/\/empoweringformation.fr\/index.php\/wp-json\/wp\/v2\/media?parent=2"}],"curies":[{"name":"wp","href":"https:\/\/api.w.org\/{rel}","templated":true}]}}